{"id":1395,"date":"2025-08-21T02:51:55","date_gmt":"2025-08-21T02:51:55","guid":{"rendered":"https:\/\/teknodesarrollo.com\/?post_type=product&#038;p=1395"},"modified":"2025-08-30T15:46:14","modified_gmt":"2025-08-30T15:46:14","slug":"barra-de-seguridad-abatible-antideslizante-serie-b-4998-99","status":"publish","type":"product","link":"https:\/\/teknodesarrollo.com\/?product=barra-de-seguridad-abatible-antideslizante-serie-b-4998-99","title":{"rendered":"B-4998.99  Barra de Seguridad Abatible Antideslizante"},"content":{"rendered":"<p>Tubo de 32 mm (1-1\/4&#8243;) de di\u00e1metro y 73 cms. De largo, Barra de agarre de acero inoxidable con acabado antideslizante para ba\u00f1o, ducha e inodoro. Montaje a la vista.<\/p>\n<p><strong>Especificaciones del producto<\/strong><\/p>\n<p><strong>Acabado\u00a0:\u00a0<\/strong>Acero inoxidable antideslizante<\/p>\n<p><strong>Configuraci\u00f3n\u00a0:\u00a0<\/strong>Swing Up<\/p>\n<p><strong>Medidas\u00a0: Diametro\u00a0<\/strong>1-1\/4&#8243; (3.2 cm.) Largo 73 cm.<\/p>\n<p>&nbsp;<\/p>\n","protected":false},"excerpt":{"rendered":"<p>Fabricado en acero inoxidable tipo 304 de calibre 18 con acabado antideslizante.<\/p>\n<p>La tapa se ajusta a presi\u00f3n sobre la brida de montaje para ocultar los tornillos.<\/p>\n<p>Producto ideal para dar seguridad a ni\u00f1os, adultos y adultos mayores al utilizar ba\u00f1os y regaderas.<\/p>\n","protected":false},"featured_media":1396,"comment_status":"open","ping_status":"closed","template":"","meta":{"_uag_custom_page_level_css":"","site-sidebar-layout":"default","site-content-layout":"","ast-site-content-layout":"default","site-content-style":"default","site-sidebar-style":"default","ast-global-header-display":"","ast-banner-title-visibility":"","ast-main-header-display":"","ast-hfb-above-header-display":"","ast-hfb-below-header-display":"","ast-hfb-mobile-header-display":"","site-post-title":"","ast-breadcrumbs-content":"","ast-featured-img":"","footer-sml-layout":"","theme-transparent-header-meta":"default","adv-header-id-meta":"","stick-header-meta":"","header-above-stick-meta":"","header-main-stick-meta":"","header-below-stick-meta":"","astra-migrate-meta-layouts":"set","ast-page-background-enabled":"default","ast-page-background-meta":{"desktop":{"background-color":"var(--ast-global-color-5)","background-image":"","background-repeat":"repeat","background-position":"center center","background-size":"auto","background-attachment":"scroll","background-type":"","background-media":"","overlay-type":"","overlay-color":"","overlay-opacity":"","overlay-gradient":""},"tablet":{"background-color":"","background-image":"","background-repeat":"repeat","background-position":"center center","background-size":"auto","background-attachment":"scroll","background-type":"","background-media":"","overlay-type":"","overlay-color":"","overlay-opacity":"","overlay-gradient":""},"mobile":{"background-color":"","background-image":"","background-repeat":"repeat","background-position":"center center","background-size":"auto","background-attachment":"scroll","background-type":"","background-media":"","overlay-type":"","overlay-color":"","overlay-opacity":"","overlay-gradient":""}},"ast-content-background-meta":{"desktop":{"background-color":"var(--ast-global-color-4)","background-image":"","background-repeat":"repeat","background-position":"center center","background-size":"auto","background-attachment":"scroll","background-type":"","background-media":"","overlay-type":"","overlay-color":"","overlay-opacity":"","overlay-gradient":""},"tablet":{"background-color":"var(--ast-global-color-4)","background-image":"","background-repeat":"repeat","background-position":"center center","background-size":"auto","background-attachment":"scroll","background-type":"","background-media":"","overlay-type":"","overlay-color":"","overlay-opacity":"","overlay-gradient":""},"mobile":{"background-color":"var(--ast-global-color-4)","background-image":"","background-repeat":"repeat","background-position":"center center","background-size":"auto","background-attachment":"scroll","background-type":"","background-media":"","overlay-type":"","overlay-color":"","overlay-opacity":"","overlay-gradient":""}},"_joinchat":[]},"product_brand":[],"product_cat":[33],"product_tag":[],"class_list":{"0":"post-1395","1":"product","2":"type-product","3":"status-publish","4":"has-post-thumbnail","6":"product_cat-barras-de-sujecion","7":"desktop-align-left","8":"tablet-align-left","9":"mobile-align-left","11":"first","12":"instock","13":"shipping-taxable","14":"product-type-simple"},"uagb_featured_image_src":{"full":["https:\/\/teknodesarrollo.com\/wp-content\/uploads\/2025\/08\/B-4998_up_thumb.jpg",150,150,false],"thumbnail":["https:\/\/teknodesarrollo.com\/wp-content\/uploads\/2025\/08\/B-4998_up_thumb.jpg",150,150,false],"medium":["https:\/\/teknodesarrollo.com\/wp-content\/uploads\/2025\/08\/B-4998_up_thumb.jpg",150,150,false],"medium_large":["https:\/\/teknodesarrollo.com\/wp-content\/uploads\/2025\/08\/B-4998_up_thumb.jpg",150,150,false],"large":["https:\/\/teknodesarrollo.com\/wp-content\/uploads\/2025\/08\/B-4998_up_thumb.jpg",150,150,false],"1536x1536":["https:\/\/teknodesarrollo.com\/wp-content\/uploads\/2025\/08\/B-4998_up_thumb.jpg",150,150,false],"2048x2048":["https:\/\/teknodesarrollo.com\/wp-content\/uploads\/2025\/08\/B-4998_up_thumb.jpg",150,150,false],"mailpoet_newsletter_max":["https:\/\/teknodesarrollo.com\/wp-content\/uploads\/2025\/08\/B-4998_up_thumb.jpg",150,150,false],"woocommerce_thumbnail":["https:\/\/teknodesarrollo.com\/wp-content\/uploads\/2025\/08\/B-4998_up_thumb.jpg",150,150,false],"woocommerce_single":["https:\/\/teknodesarrollo.com\/wp-content\/uploads\/2025\/08\/B-4998_up_thumb.jpg",150,150,false],"woocommerce_gallery_thumbnail":["https:\/\/teknodesarrollo.com\/wp-content\/uploads\/2025\/08\/B-4998_up_thumb-100x100.jpg",100,100,true]},"uagb_author_info":{"display_name":"tekno","author_link":"https:\/\/teknodesarrollo.com\/?author=0"},"uagb_comment_info":0,"uagb_excerpt":"Fabricado en acero inoxidable tipo 304 de calibre 18 con acabado antideslizante. La tapa se ajusta a presi\u00f3n sobre la brida de montaje para ocultar los tornillos. Producto ideal para dar seguridad a ni\u00f1os, adultos y adultos mayores al utilizar ba\u00f1os y regaderas.","jetpack_sharing_enabled":true,"_links":{"self":[{"href":"https:\/\/teknodesarrollo.com\/index.php?rest_route=\/wp\/v2\/product\/1395","targetHints":{"allow":["GET"]}}],"collection":[{"href":"https:\/\/teknodesarrollo.com\/index.php?rest_route=\/wp\/v2\/product"}],"about":[{"href":"https:\/\/teknodesarrollo.com\/index.php?rest_route=\/wp\/v2\/types\/product"}],"replies":[{"embeddable":true,"href":"https:\/\/teknodesarrollo.com\/index.php?rest_route=%2Fwp%2Fv2%2Fcomments&post=1395"}],"wp:featuredmedia":[{"embeddable":true,"href":"https:\/\/teknodesarrollo.com\/index.php?rest_route=\/wp\/v2\/media\/1396"}],"wp:attachment":[{"href":"https:\/\/teknodesarrollo.com\/index.php?rest_route=%2Fwp%2Fv2%2Fmedia&parent=1395"}],"wp:term":[{"taxonomy":"product_brand","embeddable":true,"href":"https:\/\/teknodesarrollo.com\/index.php?rest_route=%2Fwp%2Fv2%2Fproduct_brand&post=1395"},{"taxonomy":"product_cat","embeddable":true,"href":"https:\/\/teknodesarrollo.com\/index.php?rest_route=%2Fwp%2Fv2%2Fproduct_cat&post=1395"},{"taxonomy":"product_tag","embeddable":true,"href":"https:\/\/teknodesarrollo.com\/index.php?rest_route=%2Fwp%2Fv2%2Fproduct_tag&post=1395"}],"curies":[{"name":"wp","href":"https:\/\/api.w.org\/{rel}","templated":true}]}}