{"id":1336,"date":"2025-08-19T17:58:19","date_gmt":"2025-08-19T17:58:19","guid":{"rendered":"https:\/\/teknodesarrollo.com\/?post_type=product&#038;p=1336"},"modified":"2025-11-26T03:02:11","modified_gmt":"2025-11-26T03:02:11","slug":"sarrilit-quitasarro","status":"publish","type":"product","link":"https:\/\/teknodesarrollo.com\/?product=sarrilit-quitasarro","title":{"rendered":"SARRILIT QUITASARRO"},"content":{"rendered":"<p><strong>SARRILIT<\/strong>, a diferencia de otros productos es muy seguro para el usuario ya que no produce emanaciones o vapores t\u00f3xicos que puedan afectar su salud y que puedan causar incapacidades.<\/p>\n<p><strong>SARRILIT <\/strong>mantiene un ambiente agradable en los ba\u00f1os, ya que ayuda a controlar olores desagradables en el sistema de ca\u00f1er\u00edas gracias a su poder BACTERICIDA.<\/p>\n<p><strong>SARRILIT <\/strong>es un producto concentrado que puede soportar diluciones altas sin perder su poder limpiador, por lo que resulta muy econ\u00f3mico en su uso.<\/p>\n<p>Las diluciones a las que se recomienda el uso de <strong>SARRILIT<\/strong> son:<\/p>\n<p>Limpieza ligera. &#8211; \u00a0Diluya 1 parte de <strong>SARRILIT<\/strong> en 15 partes de agua.<\/p>\n<p>Limpieza media. &#8211; Diluya 1 parte de <strong>SARRILIT<\/strong> en 10 partes de agua.<\/p>\n<p>Mantenimiento correctivo. &#8211; Diluya 1 parte de <strong>SARRILIT<\/strong> en 5 partes de agua.<\/p>\n<p>Lavado de pisos y paredes. &#8211; Diluya 1 parte de <strong>SARRILIT<\/strong> en 20 partes de agua.<\/p>\n<p>Limpieza de herrajes. &#8211; Diluya 1 parte de <strong>SARRILIT<\/strong> en 20 partes de agua.<\/p>\n<p>Las diluciones recomendadas son solo una gu\u00eda, por lo que la diluci\u00f3n correcta depender\u00e1 de la gravedad del problema.<\/p>\n<p><strong><u>MODO DE EMPLEO:<\/u><\/strong><\/p>\n<p>De preferencia ventile el cuarto de ba\u00f1o y utilice guantes de hule.<\/p>\n<p>Jale la palanca del sanitario para drenar el agua que ah\u00ed se encuentra.<\/p>\n<p>Con el cepillo aplicador empuje el agua hacia el cespol hasta vaciar lo m\u00e1s posible.<\/p>\n<p>Aplique <strong>SARRILIT<\/strong> en el cepillo o fibra verde y frote la superficie de arriba hacia abajo dej\u00e1ndolo actuar durante 5 minutos. Talle y enjuague perfectamente.<\/p>\n<p><strong>SARRILIT<\/strong> est\u00e1 disponible en presentaci\u00f3n de 20 Litros<\/p>\n","protected":false},"excerpt":{"rendered":"<p><strong>SARRILIT<\/strong> es un potente limpiador quitasarro y desengrasante formulado con una potente mezcla de \u00e1cidos y detergentes especial para todo tipo de ba\u00f1os.<\/p>\n<p><strong>SARRILIT<\/strong>, por su alta concentraci\u00f3n, elimina f\u00e1cilmente manchas de \u00e1cido \u00farico, de oxido, dep\u00f3sitos de sarro y suciedad adherida a la superficie de los ba\u00f1os, haciendo m\u00e1s f\u00e1cil la limpieza de estos.<\/p>\n<p>El uso de <strong>SARRILIT<\/strong> se recomienda en cualquier establecimiento en que existan ba\u00f1os p\u00fablicos o privados.<\/p>\n<p><strong>SARRILIT<\/strong>, a pesar de ser sumamente agresivo con el sarro y la suciedad, no da\u00f1a el acabado v\u00edtreo de los muebles de ba\u00f1o, manteniendo su aspecto y alargando su vida \u00fatil.<\/p>\n<p>&nbsp;<\/p>\n<p>&nbsp;<\/p>\n","protected":false},"featured_media":1337,"comment_status":"open","ping_status":"closed","template":"","meta":{"_uag_custom_page_level_css":"","site-sidebar-layout":"default","site-content-layout":"","ast-site-content-layout":"default","site-content-style":"default","site-sidebar-style":"default","ast-global-header-display":"","ast-banner-title-visibility":"","ast-main-header-display":"","ast-hfb-above-header-display":"","ast-hfb-below-header-display":"","ast-hfb-mobile-header-display":"","site-post-title":"","ast-breadcrumbs-content":"","ast-featured-img":"","footer-sml-layout":"","theme-transparent-header-meta":"default","adv-header-id-meta":"","stick-header-meta":"","header-above-stick-meta":"","header-main-stick-meta":"","header-below-stick-meta":"","astra-migrate-meta-layouts":"set","ast-page-background-enabled":"default","ast-page-background-meta":{"desktop":{"background-color":"var(--ast-global-color-5)","background-image":"","background-repeat":"repeat","background-position":"center center","background-size":"auto","background-attachment":"scroll","background-type":"","background-media":"","overlay-type":"","overlay-color":"","overlay-opacity":"","overlay-gradient":""},"tablet":{"background-color":"","background-image":"","background-repeat":"repeat","background-position":"center center","background-size":"auto","background-attachment":"scroll","background-type":"","background-media":"","overlay-type":"","overlay-color":"","overlay-opacity":"","overlay-gradient":""},"mobile":{"background-color":"","background-image":"","background-repeat":"repeat","background-position":"center center","background-size":"auto","background-attachment":"scroll","background-type":"","background-media":"","overlay-type":"","overlay-color":"","overlay-opacity":"","overlay-gradient":""}},"ast-content-background-meta":{"desktop":{"background-color":"var(--ast-global-color-4)","background-image":"","background-repeat":"repeat","background-position":"center center","background-size":"auto","background-attachment":"scroll","background-type":"","background-media":"","overlay-type":"","overlay-color":"","overlay-opacity":"","overlay-gradient":""},"tablet":{"background-color":"var(--ast-global-color-4)","background-image":"","background-repeat":"repeat","background-position":"center center","background-size":"auto","background-attachment":"scroll","background-type":"","background-media":"","overlay-type":"","overlay-color":"","overlay-opacity":"","overlay-gradient":""},"mobile":{"background-color":"var(--ast-global-color-4)","background-image":"","background-repeat":"repeat","background-position":"center center","background-size":"auto","background-attachment":"scroll","background-type":"","background-media":"","overlay-type":"","overlay-color":"","overlay-opacity":"","overlay-gradient":""}},"_joinchat":[]},"product_brand":[],"product_cat":[36],"product_tag":[],"class_list":{"0":"post-1336","1":"product","2":"type-product","3":"status-publish","4":"has-post-thumbnail","6":"product_cat-tekno-higiene","7":"desktop-align-left","8":"tablet-align-left","9":"mobile-align-left","11":"first","12":"instock","13":"shipping-taxable","14":"product-type-simple"},"uagb_featured_image_src":{"full":["https:\/\/teknodesarrollo.com\/wp-content\/uploads\/2025\/08\/images.jpg",259,194,false],"thumbnail":["https:\/\/teknodesarrollo.com\/wp-content\/uploads\/2025\/08\/images-150x150.jpg",150,150,true],"medium":["https:\/\/teknodesarrollo.com\/wp-content\/uploads\/2025\/08\/images.jpg",259,194,false],"medium_large":["https:\/\/teknodesarrollo.com\/wp-content\/uploads\/2025\/08\/images.jpg",259,194,false],"large":["https:\/\/teknodesarrollo.com\/wp-content\/uploads\/2025\/08\/images.jpg",259,194,false],"1536x1536":["https:\/\/teknodesarrollo.com\/wp-content\/uploads\/2025\/08\/images.jpg",259,194,false],"2048x2048":["https:\/\/teknodesarrollo.com\/wp-content\/uploads\/2025\/08\/images.jpg",259,194,false],"mailpoet_newsletter_max":["https:\/\/teknodesarrollo.com\/wp-content\/uploads\/2025\/08\/images.jpg",259,194,false],"woocommerce_thumbnail":["https:\/\/teknodesarrollo.com\/wp-content\/uploads\/2025\/08\/images.jpg",259,194,false],"woocommerce_single":["https:\/\/teknodesarrollo.com\/wp-content\/uploads\/2025\/08\/images.jpg",259,194,false],"woocommerce_gallery_thumbnail":["https:\/\/teknodesarrollo.com\/wp-content\/uploads\/2025\/08\/images-100x100.jpg",100,100,true]},"uagb_author_info":{"display_name":"tekno","author_link":"https:\/\/teknodesarrollo.com\/?author=0"},"uagb_comment_info":1,"uagb_excerpt":"SARRILIT es un potente limpiador quitasarro y desengrasante formulado con una potente mezcla de \u00e1cidos y detergentes especial para todo tipo de ba\u00f1os. SARRILIT, por su alta concentraci\u00f3n, elimina f\u00e1cilmente manchas de \u00e1cido \u00farico, de oxido, dep\u00f3sitos de sarro y suciedad adherida a la superficie de los ba\u00f1os, haciendo m\u00e1s f\u00e1cil la limpieza de estos.&hellip;","jetpack_sharing_enabled":true,"_links":{"self":[{"href":"https:\/\/teknodesarrollo.com\/index.php?rest_route=\/wp\/v2\/product\/1336","targetHints":{"allow":["GET"]}}],"collection":[{"href":"https:\/\/teknodesarrollo.com\/index.php?rest_route=\/wp\/v2\/product"}],"about":[{"href":"https:\/\/teknodesarrollo.com\/index.php?rest_route=\/wp\/v2\/types\/product"}],"replies":[{"embeddable":true,"href":"https:\/\/teknodesarrollo.com\/index.php?rest_route=%2Fwp%2Fv2%2Fcomments&post=1336"}],"wp:featuredmedia":[{"embeddable":true,"href":"https:\/\/teknodesarrollo.com\/index.php?rest_route=\/wp\/v2\/media\/1337"}],"wp:attachment":[{"href":"https:\/\/teknodesarrollo.com\/index.php?rest_route=%2Fwp%2Fv2%2Fmedia&parent=1336"}],"wp:term":[{"taxonomy":"product_brand","embeddable":true,"href":"https:\/\/teknodesarrollo.com\/index.php?rest_route=%2Fwp%2Fv2%2Fproduct_brand&post=1336"},{"taxonomy":"product_cat","embeddable":true,"href":"https:\/\/teknodesarrollo.com\/index.php?rest_route=%2Fwp%2Fv2%2Fproduct_cat&post=1336"},{"taxonomy":"product_tag","embeddable":true,"href":"https:\/\/teknodesarrollo.com\/index.php?rest_route=%2Fwp%2Fv2%2Fproduct_tag&post=1336"}],"curies":[{"name":"wp","href":"https:\/\/api.w.org\/{rel}","templated":true}]}}