{"id":1199,"date":"2025-08-11T22:32:15","date_gmt":"2025-08-11T22:32:15","guid":{"rendered":"https:\/\/teknodesarrollo.com\/?page_id=1199"},"modified":"2025-08-13T00:28:31","modified_gmt":"2025-08-13T00:28:31","slug":"aviso-de-privacidad","status":"publish","type":"page","link":"https:\/\/teknodesarrollo.com\/?page_id=1199","title":{"rendered":"AVISO DE PRIVACIDAD"},"content":{"rendered":"\n<p class=\"has-text-align-center\"><strong>AVISO DE PRIVACIDAD<\/strong><\/p>\n\n\n\n<p class=\"has-medium-font-size\"><strong>AVISO DE PRIVACIDAD<\/strong>\u00a0para la protecci\u00f3n de Datos Personales en cumplimiento con lo establecido por la Ley Federal de Protecci\u00f3n de Datos Personales en Posesi\u00f3n de Particulares.<\/p>\n\n\n\n<p class=\"has-medium-font-size\"><strong>Tekno Desarrollo S.A de C.V.<\/strong> (en lo sucesivo Tekno Desarrollo) est\u00e1 comprometida con proteger su privacidad. Nuestra responsabilidad es proteger cualquier informaci\u00f3n personal que usted nos proporcione y realizar todo esfuerzo razonable para utilizarla de la manera en que usted elija, siempre apegados a las leyes correspondientes.<\/p>\n\n\n\n<p class=\"has-medium-font-size\">El objetivo de este&nbsp;<strong>Aviso de Privacidad<\/strong>&nbsp;es el de informarle acerca de las pr\u00e1cticas de privacidad de&nbsp;<strong>Tekno Desarrollo<\/strong>, del uso que se le puede llegar a dar a la informaci\u00f3n y su derecho de autodeterminaci\u00f3n informativa.<\/p>\n\n\n\n<p class=\"has-medium-font-size\"><strong>Tekno Desarrollo<\/strong>&nbsp;ser\u00e1 el responsable del tratamiento que se d\u00e9 a sus datos personales, su domicilio es \u00c1ngel Mart\u00ednez Villarreal #637 Colonia Chepevera Monterrey N.L.<\/p>\n\n\n\n<p class=\"has-medium-font-size\">Algunos de los datos personales que podr\u00e1n ser solicitados son: nombre o raz\u00f3n social, correo electr\u00f3nico, domicilio postal, domicilio de entrega (en caso de pedidos), n\u00famero de tel\u00e9fono, n\u00famero de identificaci\u00f3n de documento.<\/p>\n\n\n\n<p class=\"has-medium-font-size\">Dichos datos personales son proporcionados en forma voluntaria por cualquier persona f\u00edsica o moral de clientes y proveedores a&nbsp;<strong>Tekno Desarrollo<\/strong>&nbsp;y tendr\u00e1n el uso que en forma enunciativa pero no limitativa se describe a continuaci\u00f3n:<\/p>\n\n\n\n<p class=\"has-medium-font-size\">Para identificarle, ubicarle, comunicarle, contactarle, enviarle informaci\u00f3n y\/o mercanc\u00eda, as\u00ed como transmitirlos a terceros por cualquier medio, en la medida en que las leyes aplicables lo permiten. El uso de los datos personales tendr\u00e1 relaci\u00f3n con el tipo de interacci\u00f3n que usted tiene con el Responsable, ya sea comercial, civil, mercantil o de cualquier otra naturaleza.<\/p>\n\n\n\n<p class=\"has-medium-font-size\"><strong>Tekno Desarrollo<\/strong>&nbsp;no ceder\u00e1, vender\u00e1 o transferir\u00e1 sus datos personales a terceros, sin su consentimiento previo, sin embargo <strong>Tekno Desarrollo<\/strong> podr\u00e1 transferir sus datos personales en los casos previstos en la Ley Federal de Protecci\u00f3n de Datos Personales en Posesi\u00f3n de los Particulares.<\/p>\n\n\n\n<p class=\"has-medium-font-size\"><strong>Tekno Desarrollo<\/strong>&nbsp;implementar\u00e1 las medidas de seguridad, t\u00e9cnicas, administrativas y f\u00edsicas, necesarias para proteger sus datos personales y evitar su da\u00f1o, p\u00e9rdida, alteraci\u00f3n, destrucci\u00f3n o el uso, acceso o tratamiento no autorizado.<\/p>\n\n\n\n<p class=\"has-medium-font-size\">Sus datos personales recabados ser\u00e1n tratados \u00fanicamente por el tiempo necesario a fin de cumplir con las finalidades descritas y\/o de conformidad con lo que establezcan las disposiciones legales aplicables.<\/p>\n\n\n\n<p class=\"has-medium-font-size\">Usted podr\u00e1 ejercitar los derechos de acceso, rectificaci\u00f3n, cancelaci\u00f3n y oposici\u00f3n respecto al tratamiento de sus datos personales. Asimismo, podr\u00e1 revocar, en todo momento, el consentimiento que haya otorgado y que fuere necesario para el tratamiento, dirigiendo su solicitud al correo electr\u00f3nico&nbsp;<a href=\"mailto:egonzalez@teknodesarrollo.com\">egonzalez@teknodesarrollo.com<\/a> &nbsp;y\/o al siguiente domicilio: \u00c1ngel Mart\u00ednez Villarreal #637 Colonia Chepevera Monterrey N.L. tel\u00e9fonos 81-14-92-29-56 y 57, de Lunes a Viernes de las 8:00 a las 18:00 horas, en d\u00edas h\u00e1biles, seg\u00fan corresponda. Para lo anterior, deber\u00e1 hacernos saber fehacientemente los datos personales que usted desea sean rectificados, cancelados o revisados, as\u00ed como el prop\u00f3sito para el cual los aport\u00f3 y el nombre del Responsable a quien se los entreg\u00f3 y en general cumplir los requisitos mencionados en el art. 29 de la Ley Federal de Protecci\u00f3n de Datos Personales en Posesi\u00f3n de Particulares.<\/p>\n\n\n\n<p class=\"has-medium-font-size\">Al proporcionar cualquier tipo de informaci\u00f3n incluyendo sus datos personales usted expresamente acepta las condiciones contenidas en el presente Aviso de Privacidad, est\u00e1 de acuerdo en que la informaci\u00f3n proporcionada por usted pueda almacenarse, usarse y en general tratarse para los fines que se se\u00f1alan, incluso para fines comerciales y de promoci\u00f3n, otorga a&nbsp;Tekno Desarrollo autorizaci\u00f3n para obtener, almacenar, compartir, comunicar, transmitir y usar tal informaci\u00f3n de cualquier manera o forma de conformidad con las condiciones establecidas en el presente AVISO DE PRIVACIDAD y las leyes aplicables.<\/p>\n\n\n\n<p class=\"has-medium-font-size\"><strong>MODIFICACIONES AL AVISO DE PRIVACIDAD<\/strong><\/p>\n\n\n\n<p class=\"has-medium-font-size\">Este aviso de privacidad podr\u00e1 ser modificado de tiempo en tiempo por&nbsp;Tekno Desarrollo.<\/p>\n\n\n\n<p class=\"has-medium-font-size\">Dichas modificaciones ser\u00e1n oportunamente informadas a trav\u00e9s de nuestra p\u00e1gina en internet&nbsp;www.teknodesarrollo.com&nbsp;o cualquier otro medio de comunicaci\u00f3n oral, impreso o electr\u00f3nico que&nbsp;Tekno Desarrollo determine para tal efecto.<\/p>\n\n\n\n<p class=\"has-medium-font-size\">Atentamente<\/p>\n\n\n\n<p class=\"has-medium-font-size\">Tekno Desarrollo S.A de C.V.<\/p>\n","protected":false},"excerpt":{"rendered":"<p>AVISO DE PRIVACIDAD AVISO DE PRIVACIDAD\u00a0para la protecci\u00f3n de Datos Personales en cumplimiento con lo establecido por la Ley Federal [&hellip;]<\/p>\n","protected":false},"author":1,"featured_media":0,"parent":0,"menu_order":0,"comment_status":"closed","ping_status":"closed","template":"","meta":{"_uag_custom_page_level_css":"","site-sidebar-layout":"default","site-content-layout":"","ast-site-content-layout":"","site-content-style":"default","site-sidebar-style":"default","ast-global-header-display":"","ast-banner-title-visibility":"","ast-main-header-display":"","ast-hfb-above-header-display":"","ast-hfb-below-header-display":"","ast-hfb-mobile-header-display":"","site-post-title":"","ast-breadcrumbs-content":"","ast-featured-img":"","footer-sml-layout":"","theme-transparent-header-meta":"","adv-header-id-meta":"","stick-header-meta":"","header-above-stick-meta":"","header-main-stick-meta":"","header-below-stick-meta":"","astra-migrate-meta-layouts":"default","ast-page-background-enabled":"default","ast-page-background-meta":{"desktop":{"background-color":"var(--ast-global-color-5)","background-image":"","background-repeat":"repeat","background-position":"center center","background-size":"auto","background-attachment":"scroll","background-type":"","background-media":"","overlay-type":"","overlay-color":"","overlay-opacity":"","overlay-gradient":""},"tablet":{"background-color":"","background-image":"","background-repeat":"repeat","background-position":"center center","background-size":"auto","background-attachment":"scroll","background-type":"","background-media":"","overlay-type":"","overlay-color":"","overlay-opacity":"","overlay-gradient":""},"mobile":{"background-color":"","background-image":"","background-repeat":"repeat","background-position":"center center","background-size":"auto","background-attachment":"scroll","background-type":"","background-media":"","overlay-type":"","overlay-color":"","overlay-opacity":"","overlay-gradient":""}},"ast-content-background-meta":{"desktop":{"background-color":"var(--ast-global-color-4)","background-image":"","background-repeat":"repeat","background-position":"center center","background-size":"auto","background-attachment":"scroll","background-type":"","background-media":"","overlay-type":"","overlay-color":"","overlay-opacity":"","overlay-gradient":""},"tablet":{"background-color":"var(--ast-global-color-4)","background-image":"","background-repeat":"repeat","background-position":"center center","background-size":"auto","background-attachment":"scroll","background-type":"","background-media":"","overlay-type":"","overlay-color":"","overlay-opacity":"","overlay-gradient":""},"mobile":{"background-color":"var(--ast-global-color-4)","background-image":"","background-repeat":"repeat","background-position":"center center","background-size":"auto","background-attachment":"scroll","background-type":"","background-media":"","overlay-type":"","overlay-color":"","overlay-opacity":"","overlay-gradient":""}},"_joinchat":[],"footnotes":""},"class_list":["post-1199","page","type-page","status-publish","hentry"],"uagb_featured_image_src":{"full":false,"thumbnail":false,"medium":false,"medium_large":false,"large":false,"1536x1536":false,"2048x2048":false,"mailpoet_newsletter_max":false,"woocommerce_thumbnail":false,"woocommerce_single":false,"woocommerce_gallery_thumbnail":false},"uagb_author_info":{"display_name":"tekno","author_link":"https:\/\/teknodesarrollo.com\/?author=1"},"uagb_comment_info":0,"uagb_excerpt":"AVISO DE PRIVACIDAD AVISO DE PRIVACIDAD\u00a0para la protecci\u00f3n de Datos Personales en cumplimiento con lo establecido por la Ley Federal [&hellip;]","jetpack_sharing_enabled":true,"_links":{"self":[{"href":"https:\/\/teknodesarrollo.com\/index.php?rest_route=\/wp\/v2\/pages\/1199","targetHints":{"allow":["GET"]}}],"collection":[{"href":"https:\/\/teknodesarrollo.com\/index.php?rest_route=\/wp\/v2\/pages"}],"about":[{"href":"https:\/\/teknodesarrollo.com\/index.php?rest_route=\/wp\/v2\/types\/page"}],"author":[{"embeddable":true,"href":"https:\/\/teknodesarrollo.com\/index.php?rest_route=\/wp\/v2\/users\/1"}],"replies":[{"embeddable":true,"href":"https:\/\/teknodesarrollo.com\/index.php?rest_route=%2Fwp%2Fv2%2Fcomments&post=1199"}],"version-history":[{"count":4,"href":"https:\/\/teknodesarrollo.com\/index.php?rest_route=\/wp\/v2\/pages\/1199\/revisions"}],"predecessor-version":[{"id":1209,"href":"https:\/\/teknodesarrollo.com\/index.php?rest_route=\/wp\/v2\/pages\/1199\/revisions\/1209"}],"wp:attachment":[{"href":"https:\/\/teknodesarrollo.com\/index.php?rest_route=%2Fwp%2Fv2%2Fmedia&parent=1199"}],"curies":[{"name":"wp","href":"https:\/\/api.w.org\/{rel}","templated":true}]}}